
Suppose 5*r = 163 + 197. Suppose -4*o + 3*o = 2*v + 5, -2*v = -2*o - 4. Let c be -8*-1*(0 - v). What is the greatest common factor of c and r?
8
Let u(g) = -5*g - 2. Let s be u(-4). Calculate the highest common factor of s and 198.
18
Suppose -j + 5*r + 0*r + 8 = 0, 4*r + 13 = 3*j. Calculate the highest common factor of j and 24.
3
Let n(q) = 2*q + 4. Let g be (-1 - (-20)/4) + -2. Let s be n(g). What is the greatest common divisor of s and 8?
8
Suppose -7*z = -3*z - 16. Suppose z*c + a + 4 = 0, -4*c - a = -3*a + 4. Let q = 11 + c. What is the highest common divisor of 10 and q?
10
Let y be (-4 - -6) + -3 - -50. Calculate the highest common divisor of y and 49.
49
Suppose -3*d + 3*l = 3, d = -4*d + 4*l. What is the greatest common divisor of d and 4?
4
Let c(p) = 8 + 7 + 18 + p. Let l be c(0). Suppose -19 = -4*k + 25. Calculate the highest common divisor of k and l.
11
Let s be (-44)/(-12) - 2/3. Suppose -2*l + 3*n = -27, 4*l - s*l - 11 = 4*n. Suppose -2*t = -4*t, 165 = j + t. Calculate the greatest common divisor of l and j.
15
Let f(x) = 2*x**2 - 6*x. Let z be f(7). Suppose -c = -3*i - 5, i + 6 = -4*c + 39. What is the greatest common factor of c and z?
8
Let x be (16 + -6)*(-4)/(-8). Let k be 41 + (1 - (3 - 1)). What is the greatest common divisor of k and x?
5
Let y = 144 - -21. What is the highest common divisor of 33 and y?
33
Suppose -3*s + 34 = 2*a + s, 4*s = a - 47. Calculate the highest common divisor of 18 and a.
9
Let b be 6*(-2 + 40/15). Calculate the highest common factor of 4 and b.
4
Let o(y) be the second derivative of -y**4/12 - y**3/2 - 3*y. Let t be o(-5). Let x be (-3 + 7)*-1*t. Calculate the greatest common divisor of 20 and x.
20
Let q be 372/20 + (-6)/10. Calculate the highest common divisor of q and 198.
18
Let t(k) = k**2 - 2*k - 8. Let h be t(6). Suppose 2*r = 3*o + 47, -o = 2*r + 2*o - 17. Calculate the greatest common factor of h and r.
16
Suppose -28 = -3*u + 32. Suppose 4*v - 3*v - u = 0. Suppose -5*p + v = 0, 3*p - p = -2*l + 42. What is the highest common factor of l and 187?
17
Suppose 0 = -4*x + 8*x - 20. Suppose k - 38 = 2*l, -3*k + 113 = -0*k - x*l. Calculate the greatest common divisor of k and 4.
4
Let q(w) = w**2 - w - 3. Suppose -4*a = -2*a - 5*f - 11, 0 = -3*a - 3*f + 6. Let c be q(a). Calculate the greatest common factor of c and 6.
3
Let h = 227 + -139. Calculate the greatest common divisor of 8 and h.
8
Suppose 2232 = 2*g - 340. Suppose -302 = 4*h - g. Let w = h + -176. Calculate the greatest common divisor of w and 10.
10
Let c(a) = -6*a - 6. Let j be c(6). Let o = j + 82. What is the highest common factor of 16 and o?
8
Let w be 3 + 3*(10 + (-2 - 1)). Calculate the greatest common factor of 60 and w.
12
Suppose 0*a - y = -a + 7, -3*y - 31 = -5*a. Let o(l) = l**3 - 5*l**2 + 3*l - 2. Let v be o(a). What is the highest common factor of 13 and v?
13
Suppose 7*m - 16 = 3*m. Let d be (-1)/m + 5130/40. What is the greatest common factor of 32 and d?
32
Let a be 1/(-22)*-334 + (-4)/22. Calculate the greatest common factor of a and 105.
15
Let a be 1/(2/194) - -2. Suppose -2*j = j - a. Suppose -j = -c - 1. Calculate the greatest common factor of c and 4.
4
Let y(n) = -70*n**3 + n**2 - 1. Let p be y(-1). Suppose -a + 3*a = p. What is the highest common factor of a and 14?
7
Let m be 24 + 0 + (-1)/(-1). Suppose -i - m = -l - 4, -2*i + 33 = l. Let w = 16 + -11. What is the highest common divisor of w and l?
5
Let w = -38 + 93. Let n = -31 + 53. Calculate the greatest common divisor of w and n.
11
Let q(o) = -2*o - 7. Let a be q(-6). Suppose -988 = -u - 3*u. Suppose 5*y = u + 28. What is the highest common divisor of a and y?
5
Let i be (12/(-4))/((-9)/96). What is the greatest common divisor of 256 and i?
32
Suppose 5*m - 5*q = 840, 5*m = -2*q - 3*q + 790. Let g = m - 42. What is the greatest common divisor of g and 11?
11
Let s be (156/(-8))/((3/(-8))/1). Calculate the highest common divisor of 13 and s.
13
Let v = 8 + -5. Let a(b) = b**2 - b + b**2 + 3*b + 2*b**v - 5*b**3. Let r be a(-2). What is the greatest common factor of r and 70?
14
Let j = -196 + 287. Suppose 5*i - 3 - j = -s, -2*i - 4*s = -52. What is the highest common divisor of 9 and i?
9
Let r(i) = -i + 60. Let y be r(0). Suppose 3*w - 7*w - 5*v = -y, w - 3*v = -2. Let l = 28 - 3. Calculate the highest common divisor of w and l.
5
Suppose -5*i + 15 = b + 2*b, 0 = -4*i - 2*b + 10. Let q be (3 + -2 - i) + 2. Suppose -20 = q*r - 4*r. Calculate the highest common divisor of 10 and r.
10
Let t = 7 - 4. Suppose -t*g = -4*p + 18, 5*p - 17 - 5 = 4*g. Calculate the highest common factor of 15 and p.
3
Let c = 9 - 5. Let h = -14 + 19. Suppose -m + 6*v - 4*v = -12, -m = h*v + 16. What is the highest common divisor of c and m?
4
Let i = -190 - -334. What is the highest common factor of i and 18?
18
Let w(f) = f - 1. Let c be w(1). Suppose -27 + c = -3*l. Suppose 4*q = 4*a + l + 39, -q - 5*a + 24 = 0. Calculate the highest common divisor of q and 112.
14
Let o be ((-8)/10)/(12/(-30)). Let f(z) = z**3 - z. Let j be f(o). Calculate the highest common factor of j and 54.
6
Suppose 5*v + 0*v + 3*i - 3 = 0, 5*v + i = 11. What is the greatest common factor of 12 and v?
3
Let n(g) = 3*g**2 + 4. Let m be n(2). Let k(i) = i**2 - i + 5. Let t be k(0). Suppose 45 = r + t. Calculate the highest common factor of m and r.
8
Suppose u = 5*u - 288. Suppose 3*h + 4*p - 15 = 0, -4*h - 23 = 4*p - 47. What is the greatest common factor of h and u?
9
Suppose -3*c - 17 + 2 = 0. Let h be (280/25)/((-1)/c). Calculate the highest common factor of 8 and h.
8
Let y(d) = d + 4. Let i be y(-8). Let m(z) = -18*z - 2. Let j be m(i). Calculate the greatest common factor of j and 7.
7
Let b = -6 - -14. Suppose -2*h + 4*q = -92, 5*q = 5*h + 3*q - 270. Calculate the greatest common divisor of h and b.
8
Let w be (-32)/18 + (-6)/27. Let a(x) = -3*x**3 - x**2 + 3*x + 3. Let l be a(w). Calculate the highest common factor of l and 17.
17
Suppose q - 140 = 3*q. Let z be q/4*-4 - -2. Calculate the highest common factor of 9 and z.
9
Let g = 6 - 0. Let h(y) = 26*y - 3. Let v be h(g). Suppose -4*p + 0*m = -2*m - 74, 79 = 5*p + 2*m. Calculate the greatest common divisor of v and p.
17
Let j be (-568)/(-6) + 3/9. Suppose j + 77 = 4*l. Let q = l + -11. What is the highest common factor of 16 and q?
16
Let u(p) = 113*p - 1. Let l be u(1). Calculate the greatest common divisor of 14 and l.
14
Let g be ((-1)/(-4))/((-1)/4). Let k be g - -8*(8 + 0). Suppose 2*t = -4*f + 26, 3*t + 29 + 9 = 5*f. What is the greatest common divisor of k and f?
7
Let w(b) = 6*b + 1. Let r(x) = -10 + 0*x + 0*x - 3*x + 4. Let j be r(-5). Let t be w(j). Calculate the highest common divisor of 11 and t.
11
Let i = 201 + -118. Suppose 23 = -5*v + i. What is the greatest common divisor of v and 8?
4
Let u(f) = f**3 + 8*f**2 - 6*f + 3. Let z be u(-8). Let p = 35 + -1. Calculate the highest common divisor of z and p.
17
Let p(a) = 2*a**2 + 3*a + 7. Let g be p(5). Suppose -4*c + 8 = x + 2*x, c + 36 = 4*x. What is the highest common factor of g and x?
8
Suppose 0 = 2*j - 107 - 5. Let w = 9 - -19. Suppose 5*t - w = t + n, -5*n = t - 28. What is the greatest common factor of t and j?
8
Suppose -3*d - v + 191 = 0, -8*d - 207 = -11*d + 3*v. What is the highest common factor of 13 and d?
13
Suppose -5*o + 56 = 16. Calculate the highest common divisor of o and 2.
2
Let i be (4 - 10) + 2 + 38. Let o = 53 + -36. Calculate the highest common divisor of o and i.
17
Let i(v) = 1 - v**2 + 2*v**2 + v**2. Let u be (-2)/(-4) - (-10)/(-4). Let y be i(u). What is the greatest common divisor of y and 3?
3
Let x(w) = -w**3 + 6*w**2 - 9*w + 1. Let d be x(6). Let t = 46 - d. Calculate the greatest common factor of 11 and t.
11
Suppose -74 = 3*d - 101. Let l be (-3)/(-2)*(-90)/(-3). What is the highest common divisor of d and l?
9
Let k be -1*(9/1 - 2). Let u(b) = -b - 5. Let r be u(k). Let m = 40 - 22. What is the highest common factor of r and m?
2
Suppose 0 = 3*z - 2*p - 343, -z = 4*p - 107 + 16. Let y = -15 + z. Calculate the greatest common divisor of 12 and y.
12
Let q(y) = -y**2 - 9*y + 8. Let p = -14 - -7. Let l be q(p). Suppose 5*s - 55 = -c, 0 = -0*s + s. Calculate the greatest common divisor of l and c.
11
Let s(k) = 90*k**2 - 6*k + 6. Let b b